{"id":5830,"date":"2020-05-05T23:37:56","date_gmt":"2020-05-05T22:07:56","guid":{"rendered":"https:\/\/www.farnostml.cz\/?post_type=event&#038;p=5830"},"modified":"2020-05-05T23:39:49","modified_gmt":"2020-05-05T22:09:49","slug":"mse-svata-za-mesto","status":"publish","type":"event","link":"https:\/\/www.farnostml.cz\/en\/udalosti\/mse-svata-za-mesto\/","title":{"rendered":"M\u0161e svat\u00e1 za m\u011bsto"},"content":{"rendered":"<div class=\"em em-view-container\" id=\"em-view-774761289\" data-view=\"event\">\r\n\t<div class=\"em pixelbones em-item em-item-single em-event em-event-single em-event-1962\" id=\"em-event-774761289\" data-view-id=\"774761289\">\r\n\t\t<section class=\"em-item-header\" style=\"--default-border:#7fccf2\">\r\n\t\r\n\t\r\n\t<div class=\"em-item-meta\">\r\n\t\t<section class=\"em-item-meta-column\">\r\n\t\t\t<section class=\"em-event-when\">\r\n\t\t\t\t<h3>Event date<\/h3>\r\n\t\t\t\t<div class=\"em-item-meta-line em-event-date em-event-meta-datetime\">\r\n\t\t\t\t\t<span class=\"em-icon-calendar em-icon tooltip\"><span class=\"tooltiptext\">Date<\/span><\/span>\r\n\t\t\t\t\tSaturday 09. 05.\u00a0\u00a0\u00a0\u00a0\r\n\t\t\t\t<\/div>\r\n\t\t\t\t<div class=\"em-item-meta-line em-event-time em-event-meta-datetime\">\r\n\t\t\t\t\t<span class=\"em-icon-clock em-icon tooltip\"><span class=\"tooltiptext\">Time<\/span><\/span>\r\n\t\t\t\t\t10:00-11:00\r\n\t\t\t\t<\/div>\r\n\t\t\t<\/section>\r\n\t\r\n\t\t\t\r\n\t\t<\/section>\r\n\r\n\t\t<section class=\"em-item-meta-column\">\r\n\t\t\t\r\n\t\t\t<section class=\"em-event-where\">\r\n\t\t\t\t<h3>Location<\/h3>\r\n\t\t\t\t<div class=\"em-item-meta-line em-event-location\">\r\n\t\t\t\t\t<span class=\"em-icon-location em-icon\"><\/span>\r\n\t\t\t\t\t<div>\r\n\t\t\t\t\t\t<a href=\"https:\/\/www.farnostml.cz\/en\/mista\/farni-kostel\/\">Parish Chruch of the Assumption of the Blessed Virgin Mary<\/a><br>\r\n\t\t\t\t\t\tGoethovo n\u00e1m\u011bst\u00ed 110\/31, Mari\u00e1nsk\u00e9 L\u00e1zn\u011b\r\n\t\t\t\t\t<\/div>\r\n\t\t\t\t<\/div>\r\n\t\t\t<\/section>\r\n\t\t\t\r\n\t\t\t\r\n\t\t\t\r\n\t\t\t\r\n\t\t\t<section class=\"em-item-taxonomies\">\r\n\t\t\t\t<h4>Details<\/h4>\r\n\t\t\t\t\r\n\t\t\t\t<div class=\"em-item-meta-line em-item-taxonomy em-event-categories\">\r\n\t\t\t\t\t<span class=\"em-icon-category em-icon tooltip\"><span class=\"tooltiptext\">Categories<\/span><\/span>\r\n\t\t\t\t\t<div>\t<ul class=\"event-categories\">\r\n\t\t\t\t\t<li><a href=\"https:\/\/www.farnostml.cz\/en\/udalosti\/kategorie\/mse-svata\/\">Holy Mass<\/a><\/li>\r\n\t\t\t<\/ul>\r\n\t<\/div>\r\n\t\t\t\t<\/div>\r\n\t\t\t\t\r\n\t\t\t\t\r\n\t\t\t\t<div class=\"em-item-meta-line em-item-taxonomy em-event-tags\">\r\n\t\t\t\t\t<span class=\"em-icon-tag em-icon tooltip\"><span class=\"tooltiptext\">Tags<\/span><\/span>\r\n\t\t\t\t\t<div><a href=\"https:\/\/www.farnostml.cz\/en\/udalosti\/stitky\/opat-filip\/\">P. Filip Zden\u011bk Lobkowicz; opat tepelsk\u00fd<\/a>, <a href=\"https:\/\/www.farnostml.cz\/en\/udalosti\/stitky\/zive-vysilani\/\">\u017eiv\u00e9 vys\u00edl\u00e1n\u00ed<\/a><\/div>\r\n\t\t\t\t<\/div>\r\n\t\t\t\t\r\n\t\t\t\t\r\n\t\t\t<\/section>\r\n\t\t\t\r\n\t\t<\/section>\r\n\t<\/div>\r\n<\/section>\r\n<section class=\"em-event-content\">\r\n\t<p>P\u0159i m\u0161i svat\u00e9 se budeme modlit na p\u0159\u00edmluvu Panny Marie nejen za na\u0161e prameny, ale i za na\u0161e m\u011bsto, farnost, za obyvatele, zdravotnick\u00fd person\u00e1l, nemocn\u00e9 a v\u0161echny posti\u017een\u00e9 nyn\u011bj\u0161\u00ed pandemi\u00ed.<\/p>\n<p>\u00da\u010dast mo\u017en\u00e1 pouze \u017eiv\u011b prost\u0159ednictv\u00edm internetu p\u0159es <a href=\"https:\/\/www.facebook.com\/FarnostML\">Facebook<\/a> nebo zde na webu na str\u00e1nce <a href=\"https:\/\/www.farnostml.cz\/en\/zive\/\">\u017div\u00e9 vys\u00edl\u00e1n\u00ed<\/a>. Ze z\u00e1znamu je na z\u00e1klad\u011b pokynu biskupa Tom\u00e1\u0161e dostupn\u00e1 pouze \u010d\u00e1st s k\u00e1z\u00e1n\u00edm.<\/p>\n\r\n<\/section>\r\n\r\n<section class=\"em-event-location\">\r\n\t<div class=\"su-gmap su-u-responsive-media-yes\"><iframe loading=\"lazy\" width=\"600\" height=\"400\" src=\"\/\/maps.google.com\/maps?q=Farn%C3%AD%20kostel%20Nanebevzet%C3%AD%20Panny%20Marie%2C%20Goethovo%20n%C3%A1m%C4%9Bst%C3%AD%20110%2F31%2C%20Mari%C3%A1nsk%C3%A9%20L%C3%A1zn%C4%9B&amp;output=embed\" title=\"\"><\/iframe><\/div>\r\n<\/section>\r\n\r\n\r\n\t\t\t\t\t<button type=\"button\" class=\"em-event-add-to-calendar em-tooltip-ddm em-clickable input\" data-button-width=\"match\" data-tooltip-class=\"em-add-to-calendar-tooltip\" data-content=\"em-event-add-to-colendar-content-1065359122\"><span class=\"em-icon em-icon-calendar\"><\/span> Add To Calendar<\/button>\r\n\t\t\t\t\t<div class=\"em-tooltip-ddm-content em-event-add-to-calendar-content\" id=\"em-event-add-to-colendar-content-1065359122\">\r\n\t\t\t\t\t\t<a class=\"em-a2c-download\" href=\"https:\/\/www.farnostml.cz\/en\/udalosti\/mse-svata-za-mesto\/ical\/\" target=\"_blank\">Download ICS<\/a>\r\n\t\t\t\t\t\t<a class=\"em-a2c-google\" href=\"https:\/\/www.google.com\/calendar\/event?action=TEMPLATE&#038;text=M%C5%A1e+svat%C3%A1+za+m%C4%9Bsto&#038;dates=20200509T100000\/20200509T110000&#038;details=P%C5%99i+m%C5%A1i+svat%C3%A9+se+budeme+modlit+na+p%C5%99%C3%ADmluvu+Panny+Marie+nejen+za+na%C5%A1e+prameny%2C+ale+i+za+na%C5%A1e+m%C4%9Bsto%2C+farnost%2C+za+obyvatele%2C+zdravotnick%C3%BD+person%C3%A1l%2C+nemocn%C3%A9+a+v%C5%A1echny+posti%C5%BEen%C3%A9+nyn%C4%9Bj%C5%A1%C3%AD+pandemi%C3%AD.%C3%9A%C4%8Dast+mo%C5%BEn%C3%A1+pouze+%C5%BEiv%C4%9B+prost%C5%99ednictv%C3%ADm+internetu+p%C5%99es+%3Ca+href%3D%22https%3A%2F%2Fwww.facebook.com%2FFarnostML%22%3EFacebook%3C%2Fa%3E+nebo+zde+na+webu+na+str%C3%A1nce+%3Ca+href%3D%22https%3A%2F%2Fwww.farnostml.cz%2Fzive%2F%22%3E%C5%BDiv%C3%A9+vys%C3%ADl%C3%A1n%C3%AD%3C%2Fa%3E.+Ze+z%C3%A1znamu+je+na+z%C3%A1klad%C4%9B+pokynu+biskupa+Tom%C3%A1%C5%A1e+dostupn%C3%A1+pouze+%C4%8D%C3%A1st+s+k%C3%A1z%C3%A1n%C3%ADm.&#038;location=Goethovo+n%C3%A1m%C4%9Bst%C3%AD+110%2F31%2C+Mari%C3%A1nsk%C3%A9+L%C3%A1zn%C4%9B%2C+Czech+Republic&#038;trp=false&#038;sprop=https%3A%2F%2Fwww.farnostml.cz%2Fen%2Fudalosti%2Fmse-svata-za-mesto%2F&#038;sprop=name:%C5%98%C3%ADmskokatolick%C3%A1+farnost+Mari%C3%A1nsk%C3%A9+L%C3%A1zn%C4%9B&#038;ctz=Europe%2FPrague\" target=\"_blank\">Google Calendar<\/a>\r\n\t\t\t\t\t\t<a class=\"em-a2c-apple\" href=\"webcal:\/\/www.farnostml.cz\/en\/udalosti\/mse-svata-za-mesto\/ical\/\" target=\"_blank\">iCalendar<\/a>\r\n\t\t\t\t\t\t<a class=\"em-a2c-office\" href=\"https:\/\/outlook.office.com\/calendar\/0\/deeplink\/compose?allday=false&#038;body=P%C5%99i+m%C5%A1i+svat%C3%A9+se+budeme+modlit+na+p%C5%99%C3%ADmluvu+Panny+Marie+nejen+za+na%C5%A1e+prameny%2C+ale+i+za+na%C5%A1e+m%C4%9Bsto%2C+farnost%2C+za+obyvatele%2C+zdravotnick%C3%BD+person%C3%A1l%2C+nemocn%C3%A9+a+v%C5%A1echny+posti%C5%BEen%C3%A9+nyn%C4%9Bj%C5%A1%C3%AD+pandemi%C3%AD.%C3%9A%C4%8Dast+mo%C5%BEn%C3%A1+pouze+%C5%BEiv%C4%9B+prost%C5%99ednictv%C3%ADm+internetu+p%C5%99es+%3Ca+href%3D%22https%3A%2F%2Fwww.facebook.com%2FFarnostML%22%3EFacebook%3C%2Fa%3E+nebo+zde+na+webu+na+str%C3%A1nce+%3Ca+href%3D%22https%3A%2F%2Fwww.farnostml.cz%2Fzive%2F%22%3E%C5%BDiv%C3%A9+vys%C3%ADl%C3%A1n%C3%AD%3C%2Fa%3E.+Ze+z%C3%A1znamu+je+na+z%C3%A1klad%C4%9B+pokynu+biskupa+Tom%C3%A1%C5%A1e+dostupn%C3%A1+pouze+%C4%8D%C3%A1st+s+k%C3%A1z%C3%A1n%C3%ADm.&#038;location=Goethovo+n%C3%A1m%C4%9Bst%C3%AD+110%2F31%2C+Mari%C3%A1nsk%C3%A9+L%C3%A1zn%C4%9B%2C+Czech+Republic&#038;path=\/calendar\/action\/compose&#038;rru=addevent&#038;startdt=2020-05-09T10%3A00%3A00%2B02%3A00&#038;enddt=2020-05-09T11%3A00%3A00%2B02%3A00&#038;subject=M%C5%A1e+svat%C3%A1+za+m%C4%9Bsto\" target=\"_blank\">Office 365<\/a>\r\n\t\t\t\t\t\t<a class=\"em-a2c-outlook\" href=\"https:\/\/outlook.live.com\/calendar\/0\/deeplink\/compose?allday=false&#038;body=P%C5%99i+m%C5%A1i+svat%C3%A9+se+budeme+modlit+na+p%C5%99%C3%ADmluvu+Panny+Marie+nejen+za+na%C5%A1e+prameny%2C+ale+i+za+na%C5%A1e+m%C4%9Bsto%2C+farnost%2C+za+obyvatele%2C+zdravotnick%C3%BD+person%C3%A1l%2C+nemocn%C3%A9+a+v%C5%A1echny+posti%C5%BEen%C3%A9+nyn%C4%9Bj%C5%A1%C3%AD+pandemi%C3%AD.%C3%9A%C4%8Dast+mo%C5%BEn%C3%A1+pouze+%C5%BEiv%C4%9B+prost%C5%99ednictv%C3%ADm+internetu+p%C5%99es+%3Ca+href%3D%22https%3A%2F%2Fwww.facebook.com%2FFarnostML%22%3EFacebook%3C%2Fa%3E+nebo+zde+na+webu+na+str%C3%A1nce+%3Ca+href%3D%22https%3A%2F%2Fwww.farnostml.cz%2Fzive%2F%22%3E%C5%BDiv%C3%A9+vys%C3%ADl%C3%A1n%C3%AD%3C%2Fa%3E.+Ze+z%C3%A1znamu+je+na+z%C3%A1klad%C4%9B+pokynu+biskupa+Tom%C3%A1%C5%A1e+dostupn%C3%A1+pouze+%C4%8D%C3%A1st+s+k%C3%A1z%C3%A1n%C3%ADm.&#038;location=Goethovo+n%C3%A1m%C4%9Bst%C3%AD+110%2F31%2C+Mari%C3%A1nsk%C3%A9+L%C3%A1zn%C4%9B%2C+Czech+Republic&#038;path=\/calendar\/action\/compose&#038;rru=addevent&#038;startdt=2020-05-09T10%3A00%3A00%2B02%3A00&#038;enddt=2020-05-09T11%3A00%3A00%2B02%3A00&#038;subject=M%C5%A1e+svat%C3%A1+za+m%C4%9Bsto\" target=\"_blank\">Outlook Online<\/a>\r\n\t\t\t\t\t<\/div>\r\n\t\t\t\t\t\t<\/div>\r\n<\/div>","protected":false},"excerpt":{"rendered":"<p>Saturday 09. 05. @ 10:00-11:00 &#8211; P\u0159i m\u0161i svat\u00e9 se budeme modlit na p\u0159\u00edmluvu Panny Marie nejen za na\u0161e prameny, ale i za na\u0161e m\u011bsto, farnost, za obyvatele, zdravotnick\u00fd person\u00e1l, nemocn\u00e9 a v\u0161echny posti\u017een\u00e9 nyn\u011bj\u0161\u00ed pandemi\u00ed. \u00da\u010dast mo\u017en\u00e1 pouze \u017eiv\u011b prost\u0159ednictv\u00edm internetu p\u0159es Facebook nebo zde na webu na str\u00e1nce \u017div\u00e9 vys\u00edl\u00e1n\u00ed. Ze z\u00e1znamu je na z\u00e1klad\u011b pokynu biskupa Tom\u00e1\u0161e dostupn\u00e1 [&#8230;]<\/p>\n","protected":false},"author":1,"featured_media":0,"comment_status":"open","ping_status":"closed","template":"","meta":{"ngg_post_thumbnail":0},"event-tags":[36,88],"event-categories":[34],"class_list":{"0":"entry","1":"event","2":"publish","3":"author-honza","4":"post-5830","6":"event-tags-opat-filip","7":"event-tags-zive-vysilani","8":"event-categories-mse-svata"},"jetpack_sharing_enabled":true,"_links":{"self":[{"href":"https:\/\/www.farnostml.cz\/en\/wp-json\/wp\/v2\/event\/5830","targetHints":{"allow":["GET"]}}],"collection":[{"href":"https:\/\/www.farnostml.cz\/en\/wp-json\/wp\/v2\/event"}],"about":[{"href":"https:\/\/www.farnostml.cz\/en\/wp-json\/wp\/v2\/types\/event"}],"author":[{"embeddable":true,"href":"https:\/\/www.farnostml.cz\/en\/wp-json\/wp\/v2\/users\/1"}],"replies":[{"embeddable":true,"href":"https:\/\/www.farnostml.cz\/en\/wp-json\/wp\/v2\/comments?post=5830"}],"wp:attachment":[{"href":"https:\/\/www.farnostml.cz\/en\/wp-json\/wp\/v2\/media?parent=5830"}],"wp:term":[{"taxonomy":"event-tags","embeddable":true,"href":"https:\/\/www.farnostml.cz\/en\/wp-json\/wp\/v2\/event-tags?post=5830"},{"taxonomy":"event-categories","embeddable":true,"href":"https:\/\/www.farnostml.cz\/en\/wp-json\/wp\/v2\/event-categories?post=5830"}],"curies":[{"name":"wp","href":"https:\/\/api.w.org\/{rel}","templated":true}]}}

Mše svatá za město

<div class="em em-view-container" id="em-view-774761289" data-view="event">
	<div class="em pixelbones em-item em-item-single em-event em-event-single em-event-1962" id="em-event-774761289" data-view-id="774761289">
		<section class="em-item-header" style="--default-border:#7fccf2">
	
	
	<div class="em-item-meta">
		<section class="em-item-meta-column">
			<section class="em-event-when">
				<h3>Event date</h3>
				<div class="em-item-meta-line em-event-date em-event-meta-datetime">
					<span class="em-icon-calendar em-icon tooltip"><span class="tooltiptext">Date</span></span>
					Saturday 09. 05.    
				</div>
				<div class="em-item-meta-line em-event-time em-event-meta-datetime">
					<span class="em-icon-clock em-icon tooltip"><span class="tooltiptext">Time</span></span>
					10:00-11:00
				</div>
			</section>
	
			
		</section>

		<section class="em-item-meta-column">
			
			<section class="em-event-where">
				<h3>Location</h3>
				<div class="em-item-meta-line em-event-location">
					<span class="em-icon-location em-icon"></span>
					<div>
						<a href="https://www.farnostml.cz/en/mista/farni-kostel/">Parish Chruch of the Assumption of the Blessed Virgin Mary</a><br>
						Goethovo náměstí 110/31, Mariánské Lázně
					</div>
				</div>
			</section>
			
			
			
			
			<section class="em-item-taxonomies">
				<h4>Details</h4>
				
				<div class="em-item-meta-line em-item-taxonomy em-event-categories">
					<span class="em-icon-category em-icon tooltip"><span class="tooltiptext">Categories</span></span>
					<div>	<ul class="event-categories">
					<li><a href="https://www.farnostml.cz/en/udalosti/kategorie/mse-svata/">Holy Mass</a></li>
			</ul>
	</div>
				</div>
				
				
				<div class="em-item-meta-line em-item-taxonomy em-event-tags">
					<span class="em-icon-tag em-icon tooltip"><span class="tooltiptext">Tags</span></span>
					<div><a href="https://www.farnostml.cz/en/udalosti/stitky/opat-filip/">P. Filip Zdeněk Lobkowicz; opat tepelský</a>, <a href="https://www.farnostml.cz/en/udalosti/stitky/zive-vysilani/">živé vysílání</a></div>
				</div>
				
				
			</section>
			
		</section>
	</div>
</section>
<section class="em-event-content">
	<p>Při mši svaté se budeme modlit na přímluvu Panny Marie nejen za naše prameny, ale i za naše město, farnost, za obyvatele, zdravotnický personál, nemocné a všechny postižené nynější pandemií.</p>
<p>Účast možná pouze živě prostřednictvím internetu přes <a href="https://www.facebook.com/FarnostML">Facebook</a> nebo zde na webu na stránce <a href="https://www.farnostml.cz/en/zive/">Živé vysílání</a>. Ze záznamu je na základě pokynu biskupa Tomáše dostupná pouze část s kázáním.</p>

</section>

<section class="em-event-location">
	<div class="su-gmap su-u-responsive-media-yes"><iframe loading="lazy" width="600" height="400" src="//maps.google.com/maps?q=Farn%C3%AD%20kostel%20Nanebevzet%C3%AD%20Panny%20Marie%2C%20Goethovo%20n%C3%A1m%C4%9Bst%C3%AD%20110%2F31%2C%20Mari%C3%A1nsk%C3%A9%20L%C3%A1zn%C4%9B&amp;output=embed" title=""></iframe></div>
</section>


					<button type="button" class="em-event-add-to-calendar em-tooltip-ddm em-clickable input" data-button-width="match" data-tooltip-class="em-add-to-calendar-tooltip" data-content="em-event-add-to-colendar-content-1065359122"><span class="em-icon em-icon-calendar"></span> Add To Calendar</button>
					<div class="em-tooltip-ddm-content em-event-add-to-calendar-content" id="em-event-add-to-colendar-content-1065359122">
						<a class="em-a2c-download" href="https://www.farnostml.cz/en/udalosti/mse-svata-za-mesto/ical/" target="_blank">Download ICS</a>
						<a class="em-a2c-google" href="https://www.google.com/calendar/event?action=TEMPLATE&#038;text=M%C5%A1e+svat%C3%A1+za+m%C4%9Bsto&#038;dates=20200509T100000/20200509T110000&#038;details=P%C5%99i+m%C5%A1i+svat%C3%A9+se+budeme+modlit+na+p%C5%99%C3%ADmluvu+Panny+Marie+nejen+za+na%C5%A1e+prameny%2C+ale+i+za+na%C5%A1e+m%C4%9Bsto%2C+farnost%2C+za+obyvatele%2C+zdravotnick%C3%BD+person%C3%A1l%2C+nemocn%C3%A9+a+v%C5%A1echny+posti%C5%BEen%C3%A9+nyn%C4%9Bj%C5%A1%C3%AD+pandemi%C3%AD.%C3%9A%C4%8Dast+mo%C5%BEn%C3%A1+pouze+%C5%BEiv%C4%9B+prost%C5%99ednictv%C3%ADm+internetu+p%C5%99es+%3Ca+href%3D%22https%3A%2F%2Fwww.facebook.com%2FFarnostML%22%3EFacebook%3C%2Fa%3E+nebo+zde+na+webu+na+str%C3%A1nce+%3Ca+href%3D%22https%3A%2F%2Fwww.farnostml.cz%2Fzive%2F%22%3E%C5%BDiv%C3%A9+vys%C3%ADl%C3%A1n%C3%AD%3C%2Fa%3E.+Ze+z%C3%A1znamu+je+na+z%C3%A1klad%C4%9B+pokynu+biskupa+Tom%C3%A1%C5%A1e+dostupn%C3%A1+pouze+%C4%8D%C3%A1st+s+k%C3%A1z%C3%A1n%C3%ADm.&#038;location=Goethovo+n%C3%A1m%C4%9Bst%C3%AD+110%2F31%2C+Mari%C3%A1nsk%C3%A9+L%C3%A1zn%C4%9B%2C+Czech+Republic&#038;trp=false&#038;sprop=https%3A%2F%2Fwww.farnostml.cz%2Fen%2Fudalosti%2Fmse-svata-za-mesto%2F&#038;sprop=name:%C5%98%C3%ADmskokatolick%C3%A1+farnost+Mari%C3%A1nsk%C3%A9+L%C3%A1zn%C4%9B&#038;ctz=Europe%2FPrague" target="_blank">Google Calendar</a>
						<a class="em-a2c-apple" href="webcal://www.farnostml.cz/en/udalosti/mse-svata-za-mesto/ical/" target="_blank">iCalendar</a>
						<a class="em-a2c-office" href="https://outlook.office.com/calendar/0/deeplink/compose?allday=false&#038;body=P%C5%99i+m%C5%A1i+svat%C3%A9+se+budeme+modlit+na+p%C5%99%C3%ADmluvu+Panny+Marie+nejen+za+na%C5%A1e+prameny%2C+ale+i+za+na%C5%A1e+m%C4%9Bsto%2C+farnost%2C+za+obyvatele%2C+zdravotnick%C3%BD+person%C3%A1l%2C+nemocn%C3%A9+a+v%C5%A1echny+posti%C5%BEen%C3%A9+nyn%C4%9Bj%C5%A1%C3%AD+pandemi%C3%AD.%C3%9A%C4%8Dast+mo%C5%BEn%C3%A1+pouze+%C5%BEiv%C4%9B+prost%C5%99ednictv%C3%ADm+internetu+p%C5%99es+%3Ca+href%3D%22https%3A%2F%2Fwww.facebook.com%2FFarnostML%22%3EFacebook%3C%2Fa%3E+nebo+zde+na+webu+na+str%C3%A1nce+%3Ca+href%3D%22https%3A%2F%2Fwww.farnostml.cz%2Fzive%2F%22%3E%C5%BDiv%C3%A9+vys%C3%ADl%C3%A1n%C3%AD%3C%2Fa%3E.+Ze+z%C3%A1znamu+je+na+z%C3%A1klad%C4%9B+pokynu+biskupa+Tom%C3%A1%C5%A1e+dostupn%C3%A1+pouze+%C4%8D%C3%A1st+s+k%C3%A1z%C3%A1n%C3%ADm.&#038;location=Goethovo+n%C3%A1m%C4%9Bst%C3%AD+110%2F31%2C+Mari%C3%A1nsk%C3%A9+L%C3%A1zn%C4%9B%2C+Czech+Republic&#038;path=/calendar/action/compose&#038;rru=addevent&#038;startdt=2020-05-09T10%3A00%3A00%2B02%3A00&#038;enddt=2020-05-09T11%3A00%3A00%2B02%3A00&#038;subject=M%C5%A1e+svat%C3%A1+za+m%C4%9Bsto" target="_blank">Office 365</a>
						<a class="em-a2c-outlook" href="https://outlook.live.com/calendar/0/deeplink/compose?allday=false&#038;body=P%C5%99i+m%C5%A1i+svat%C3%A9+se+budeme+modlit+na+p%C5%99%C3%ADmluvu+Panny+Marie+nejen+za+na%C5%A1e+prameny%2C+ale+i+za+na%C5%A1e+m%C4%9Bsto%2C+farnost%2C+za+obyvatele%2C+zdravotnick%C3%BD+person%C3%A1l%2C+nemocn%C3%A9+a+v%C5%A1echny+posti%C5%BEen%C3%A9+nyn%C4%9Bj%C5%A1%C3%AD+pandemi%C3%AD.%C3%9A%C4%8Dast+mo%C5%BEn%C3%A1+pouze+%C5%BEiv%C4%9B+prost%C5%99ednictv%C3%ADm+internetu+p%C5%99es+%3Ca+href%3D%22https%3A%2F%2Fwww.facebook.com%2FFarnostML%22%3EFacebook%3C%2Fa%3E+nebo+zde+na+webu+na+str%C3%A1nce+%3Ca+href%3D%22https%3A%2F%2Fwww.farnostml.cz%2Fzive%2F%22%3E%C5%BDiv%C3%A9+vys%C3%ADl%C3%A1n%C3%AD%3C%2Fa%3E.+Ze+z%C3%A1znamu+je+na+z%C3%A1klad%C4%9B+pokynu+biskupa+Tom%C3%A1%C5%A1e+dostupn%C3%A1+pouze+%C4%8D%C3%A1st+s+k%C3%A1z%C3%A1n%C3%ADm.&#038;location=Goethovo+n%C3%A1m%C4%9Bst%C3%AD+110%2F31%2C+Mari%C3%A1nsk%C3%A9+L%C3%A1zn%C4%9B%2C+Czech+Republic&#038;path=/calendar/action/compose&#038;rru=addevent&#038;startdt=2020-05-09T10%3A00%3A00%2B02%3A00&#038;enddt=2020-05-09T11%3A00%3A00%2B02%3A00&#038;subject=M%C5%A1e+svat%C3%A1+za+m%C4%9Bsto" target="_blank">Outlook Online</a>
					</div>
						</div>
</div>

<p>Saturday 09. 05. @ 10:00-11:00 &#8211; Při mši svaté se budeme modlit na přímluvu Panny Marie nejen za naše prameny, ale i za naše město, farnost, za obyvatele, zdravotnický personál, nemocné a všechny postižené nynější pandemií. Účast možná pouze živě prostřednictvím internetu přes Facebook nebo zde na webu na stránce Živé vysílání. Ze záznamu je na základě pokynu biskupa Tomáše dostupná [&#8230;]</p>
